+ 11*m**2 + 12 + 1387*m**3. Suppose -4*j = d - 9, -j + 48 = 4*d + 3*j. Determine z(d).
-1
Let d(w) = 10*w + w**3 - 3*w**2 - 4*w**2 - 5*w + 4*w. Let q = -150 - -296. Let l = q + -140. Determine d(l).
18
Let p(k) = -28*k**3 + 3*k**2 + 36*k - 9. Let x(c) = -19*c**3 + 2*c**2 + 26*c - 6. Let t(w) = -5*p(w) + 7*x(w). Give t(-1).
-7
Let l = 21 + -10. Suppose -5*o + 35 = 5*b, 2*b + l = -o + 4*o. Let s(n) = o + 4 + n + 0 - 3*n. Give s(6).
-3
Suppose 5*n - 9*n = -12. Suppose 10 = -2*f, -44 + 43 = 2*y - n*f. Let r(w) = -2*w - 14. Calculate r(y).
2
Let f(j) be the second derivative of j**7/840 + j**6/360 + j**4/24 + 17*j**3 + 35*j. Let m(q) be the second derivative of f(q). Calculate m(2).
13
Let m = 19 - 11. Let p be 0*(-4 + m)/8. Let x(t) = -9 + 7*t + 5 - t**2 + p*t**2. Give x(7).
-4
Let m(q) = 553 + 46*q**2 - 278 - 3*q - 48*q**2 - 273. Calculate m(0).
2
Let f be (-2 - (-64)/40)/((-2)/10). Let q(n) = -15*n - n**2 - 2 + f*n**2 + 17*n + 0. Determine q(-3).
1
Suppose 4*c + 3 = -5. Let h(g) = g**3 + 484*g - 1. Let z(v) = -v**2 + 161*v - 1. Let t(m) = -h(m) + 3*z(m). Give t(c).
-4
Let s(n) be the first derivative of -n**6/360 - n**5/40 - 4*n**3/3 + 28*n**2 + 352. Let a(g) be the third derivative of s(g). Let m = -1 + 4. Determine a(m).
-18
Suppose -84 = -34*s - 12*s - 1004. Let i(d) = d**3 + 20*d**2 - d - 14. Give i(s).
6
Let b(c) be the first derivative of c - 1/2*c**2 + 6. Give b(2).
-1
Let p(w) = -15*w**2. Let o be (-4)/(-8)*-10*-3. Let i = -51 + 56. Suppose 4*s = q, -o - 6 = -i*s - 4*q. Give p(s).
-15
Let g be (-2 - -2 - (-14 + 15))*7. Let i(w) = -4*w**2 - 34*w - 43. Calculate i(g).
-1
Let k(t) = t**3 + 5*t**2 + 3*t. Let n be (0 - -89) + 30/(-10 - 0). Let o = n + -89. Give k(o).
9
Let w(a) = 5*a. Suppose 5*b - 22 = 408. Let t = b - 86. Suppose t*q + 15 = 5*q. Calculate w(q).
15
Suppose 4*r = -v + 152, -4*v + 62 = -11*r + 13*r. Let d(a) = -3 - 38*a + 7 + r*a. Let o(s) = s**3 + 2. Let g be o(-2). Give d(g).
-2
Let y(k) = -6*k - 126. Let g(t) = -67*t + 1853. Let x be g(28). Determine y(x).
12
Suppose 91 = 5*y - 4*r, -11*y + 4*r = -12*y - 1. Suppose -y*q = -19 - 71. Let o(g) = -g**3 + 4*g**2 + 5*g + 3. What is o(q)?
-39
Let q(p) = 7*p**2 + 12006*p**3 - 6027*p**3 - 5978*p**3 - 11*p - 28. Determine q(-8).
-4
Let f(k) = -4*k**2 - 5 - 27276*k + 13621*k + 13618*k. Determine f(-10).
-35
Let i(w) = 6*w**2 - 49 + w**3 + 43 - 2*w**3. Let u = -1852 - -1857. What is i(u)?
19
Let i(v) = -3*v**2 + 16*v - 2. Let x be i(5). Let c(h) = -4 + 3 + 13*h - 12*h + 0. Calculate c(x).
2
Let g(u) be the first derivative of u**3/3 - 4*u**2 - 2*u - 3. Suppose 75 = 9*q + 6*q. Suppose 3*o - 1 = q*n, -o = -5*n + 10*n - 27. Give g(o).
-9
Let g(f) = 4*f**3 + 2*f**2 + f + 3. Let v = -1860 + 1858. Determine g(v).
-23
Suppose -42249*z + 42285*z = 0. Let b(u) be the second derivative of z + 3/2*u**2 + 1/12*u**4 - 1/3*u**3 + 37*u. Calculate b(3).
6
Let u(r) = 6*r**3 + 22*r**2 - 2*r + 80. Let x(i) = -13*i**3 - 69*i**2 + 4*i - 160. Let z(q) = 9*u(q) + 4*x(q). Calculate z(39).
2
Let f(a) = a**3 + 3*a**2 - 53. Suppose 680*n = 728*n. Give f(n).
-53
Let a(m) = -m**3 - 2*m**2 - 5. Let i(q) = -6*q**3 + 17*q**2 - 10*q - 24. Let b(y) = -4*a(y) + i(y). Determine b(12).
20
Suppose 9 = -3*r, -305 = i + 4*r - 298. Let l(o) = -o**3 + 6*o**2 - 3*o. What is l(i)?
10
Let g = -21169 - -21173. Let y(b) = -2*b**3 - 8*b - 1. Determine y(g).
-161
Let f(s) = 35*s - 153. Let z be f(4). Let k(x) = x**3 + 13*x**2 + 8*x + 98. Let l be k(z). Let t(c) = -c**2 - 4*c. Determine t(l).
-12
Let l(p) = -p**2 - 6*p - 4. Let h(b) = -b**3 - 3*b**2 - 4. Let f(n) = -3*n. Let t be f(4). Let d be 3/(-4)*10*t/(-30). Let c be h(d). Determine l(c).
4
Let i(x) be the second derivative of 0 + 0*x**2 + 214*x - 1/6*x**3. Suppose -o = 4*o - 5. What is i(o)?
-1
Let k(m) = m**3 + 8*m**2 - 18*m - 2. Let d(r) = -r**2. Let q(u) = d(u) + k(u). Let o be q(-9). Let i(s) = -2*s**3 - 4*s**2 - 4*s - 3. Give i(o).
5
Let p(f) = 2*f**2 + f - 2. Let u be -6 - 25/((-375)/180). What is p(u)?
76
Suppose 4*b - 16 = -4*n, 4*n + 6*b - 16 = 10*b. Let k(f) = 4*f**2 + 2*f - 3. Give k(n).
69
Let d be 45/(6/20*5). Suppose -40 = -d*p + 25*p. Let w(i) = 2*i - 12. What is w(p)?
4
Let c(o) = 0*o + 13*o**2 + 19*o**2 + 11 - 48*o**2 + 5*o + 17*o**2. Calculate c(-5).
11
Let x(y) be the second derivative of 56*y - 1 - 1/20*y**5 - 10*y**2 + 0*y**3 + 1/12*y**4. Let n = 0 - 0. Give x(n).
-20
Let l(j) = 1 + 2*j**2 + 51988*j**3 + 2*j**2 - 51987*j**3 + 3 - 18*j. Calculate l(-7).
-17
Let h(y) = -120*y + 2. Let l(d) = -d - 1. Let o(w) = -h(w) + 2*l(w). Let t(g) = 23*g - 1. Let a(u) = -3*o(u) + 16*t(u). Calculate a(3).
38
Suppose 3*k + 69 = -z - k, 0 = 5*k. Let o = -73 - z. Let d be 10*(-3)/(-4)*o/6. Let b(v) = -v + 1. What is b(d)?
6
Let p(d) = 3*d - 31. Let g be 4/(-18) - 137/(-9). Let c be p(g). Let i(f) = -30 + 18 + 3*f + c. Give i(5).
17
Let m(r) = -46*r**2 - 27*r + 9. Let j(f) = -128*f**2 - 83*f + 27. Let y(z) = -5*j(z) + 14*m(z). Calculate y(10).
-39
Suppose 0 = 5*o - 4*o + w - 1, -2*o + 7 = w. Let j be (o/4)/((-5)/30). Let i(t) = t + 14. What is i(j)?
5
Let m = -72 + 69. Let a(i) = 5*i**3 + 4*i**2 + 3*i + 9. Let b(j) = 4*j**3 + 4*j**2 + 3*j + 8. Let d(c) = m*a(c) + 4*b(c). Give d(-4).
-7
Let q = -440 - -882. Let r(v) = v**2 - q*v**3 + v + 443*v**3 - 5 + 4*v**2. Suppose -4*w = -4*f + 12, 7*w = 2*w - f - 27. Calculate r(w).
-10
Let r = -15890 + 15895. Let o(u) = u**2 - 3*u - 7. Let y be o(5). Let m(g) = -5276 + 5273 + 5*g**2 - r*g + 8*g - y*g**2 - g**3. Calculate m(2).
3
Let x(v) = 2*v**2 + 7*v + 11. Suppose -2*q = 6*q + 136 - 120. Determine x(q).
5
Suppose d + 0 = -3*v - 2, 5*v + 4*d = -8. Let k(u) = -2*u**2 + u - 1. Let b(i) = -5*i**2 + i - 37. Let o(m) = b(m) - 2*k(m). Determine o(v).
-35
Let p(y) = 10*y + 100. Suppose -429 = 25*w - 497 + 318. Calculate p(w).
0
Let v(w) be the third derivative of w**4/6 - 31*w**3/6 - 17*w**2. Let m = 344 + -335. Calculate v(m).
5
Let j(k) = -56*k + 92*k - 31*k - 31*k + 17. Calculate j(1).
-9
Let b = 1369 - 1376. Let d(s) = 2*s**2 + 15*s + 5. Determine d(b).
-2
Let l(w) = -2*w**3 + 2*w**2 + 13*w + 36. Let h(f) = 5*f**3 - 9*f**2 - 40*f - 106. Let p(m) = 3*h(m) + 8*l(m). Calculate p(-9).
-48
Let x(g) be the second derivative of -g**3/6 - 5*g**2/2 + 111*g. Let z = 13 + -14. Let q = z - 7. What is x(q)?
3
Let c(h) be the second derivative of 0*h**2 - 7/12*h**4 - 5/6*h**3 + 0 - 1/20*h**5 + 133*h. What is c(-5)?
-25
Let y(s) = -s**2 - 11*s - 12. Let m = 70 + -65. Suppose m*b - 5 = 2*i - 268, -3*b - 4*i = 163. Let t = -61 - b. Give y(t).
12
Let q(n) = 18*n**3 + 5*n**2 + 6*n - 11. Let w be q(7). Let m(p) = 6442*p - 5 - p**2 - w*p + 1. What is m(-8)?
-4
Suppose -h - 4*g = 3 + 3, 2*h + g - 9 = 0. Let a(z) = -2*z. Let j be a(-1). Let s(t) = -2*t - 3*t**2 + 4*t**3 + j*t**2 - 4*t**2 - 1 + h*t**2. Give s(-2).
-25
Let r(y) = y**2 + 5*y - 9*y + 6 + 0. Suppose m + 12 = 5*m, 0 = -4*b + 5*m + 101. Let p = b - 24. What is r(p)?
11
Let a(b) be the first derivative of -11*b**3/3 - b**2/2 - 5*b - 2424. Determine a(-2).
-47
Let v(y) = 4*y**3 - 7*y**2 - 7*y - 6. Let m be v(4). Let x be 12/(-8)*m/33. Let i(s) = s + 6. Calculate i(x).
1
Let s(i) = -i - 1. Let p(q) = 45*q - 131. Let w be p(3). Suppose w*g + 25 = -5*u, 2*u + 2*u = g - 20. What is s(u)?
4
Let t(p) = -1 - 5 - 5*p + 22 - 6 - 7. Suppose -2*f + 1 = -z + 11, -23 = 5*f - 2*z. Let w(o) = -5*o + 4. Let b(s) = f*t(s) + 4*w(s). Calculate b(5).
-18
Suppose 9*h = 10*h + 48. Let v = -46 - h. Let j(l) be the first derivative of l**4/2 - 2*l**2 + 3*l + 2. Determine j(v).
11
Let w(s) be the third derivative of -23*s**5/60 + s**4/4 - s**3 + 2*s**2 + 69*s + 7. What is w(1)?
-23
Let c = 4448 + -4441. Let f(m) = -2*m + 20. What is f(c)?
6
Suppose -8*t = -5*t - 180. Suppose 10*j = 5*j + t. Let g(m) = -j*m - 3*m**2 + 2 + m**3 + 11*m + 1. Calculate g(3).
0
Suppose -90 = -1010*a + 1000*a. Let l(m) = -6*m + 48. What is l(a)?
-6
Suppose -2*u - 1155 = -5*p, 0 = -2*p - 6*u + 4*u + 462. Let g be (84/p)/((-4)/(-22)). Let x(n) = n**3 + 2*n**2 - 4*n + 3. Calculate x(g).
11
Let g be ((2 - 6)/8 + -2)*-34. Let c(i) = g*i**3 + 4*i + 6 - 162*i**3 - 7*i**2 + 78*i**3. Calculate c(6).
-6
Let h(d) = -d - 16. Let z(l) = 1. Let w(j) = h(j) + 3*z(j). Give w(-6).
-7
Let j = 266 - 256. Let t(s) = 10*s**2 - 161*s - 4*s**2 + j + 3*s**2 - s**3 + 152*s.